e tens digit of 21399?
9
What is the thousands digit of 134971?
4
What is the tens digit of 2366?
6
What is the ten thousands digit of 15368?
1
What is the hundreds digit of 2519?
5
What is the hundreds digit of 381?
3
What is the tens digit of 26338?
3
What is the units digit of 14474?
4
What is the units digit of 126?
6
What is the ten thousands digit of 63489?
6
What is the tens digit of 3448?
4
What is the thousands digit of 1583?
1
What is the thousands digit of 56993?
6
What is the tens digit of 659?
5
What is the hundreds digit of 2058?
0
What is the units digit of 97?
7
What is the thousands digit of 24120?
4
What is the hundred thousands digit of 144234?
1
What is the units digit of 2859?
9
What is the units digit of 21030?
0
What is the hundreds digit of 638?
6
What is the tens digit of 3145?
4
What is the hundreds digit of 3416?
4
What is the tens digit of 5290?
9
What is the units digit of 453?
3
What is the units digit of 2446?
6
What is the hundreds digit of 39240?
2
What is the tens digit of 9124?
2
What is the units digit of 1087?
7
What is the units digit of 3341?
1
What is the tens digit of 97?
9
What is the units digit of 11421?
1
What is the hundreds digit of 456?
4
What is the tens digit of 667?
6
What is the units digit of 1104?
4
What is the thousands digit of 6165?
6
What is the hundreds digit of 35036?
0
What is the thousands digit of 3628?
3
What is the thousands digit of 1027?
1
What is the ten thousands digit of 40367?
4
What is the tens digit of 44197?
9
What is the tens digit of 599?
9
What is the hundreds digit of 656?
6
What is the hundreds digit of 3453?
4
What is the hundreds digit of 2702?
7
What is the units digit of 1032?
2
What is the hundreds digit of 564?
5
What is the ten thousands digit of 143502?
4
What is the hundreds digit of 2419?
4
What is the tens digit of 194533?
3
What is the hundreds digit of 11242?
2
What is the hundreds digit of 3806?
8
What is the thousands digit of 1279?
1
What is the hundreds digit of 46146?
1
What is the tens digit of 755?
5
What is the units digit of 1830?
0
What is the tens digit of 2337?
3
What is the tens digit of 3073?
7
What is the hundreds digit of 2309?
3
What is the hundreds digit of 1336?
3
What is the units digit of 175?
5
What is the hundreds digit of 113?
1
What is the ten thousands digit of 36623?
3
What is the units digit of 117586?
6
What is the thousands digit of 8716?
8
What is the units digit of 1995?
5
What is the units digit of 10367?
7
What is the units digit of 605?
5
What is the units digit of 2006?
6
What is the tens digit of 51344?
4
What is the units digit of 751?
1
What is the units digit of 404?
4
What is the units digit of 1642?
2
What is the units digit of 1194?
4
What is the ten thousands digit of 19571?
1
What is the thousands digit of 1015?
1
What is the units digit of 11565?
5
What is the tens digit of 9880?
8
What is the units digit of 3985?
5
What is the units digit of 6413?
3
What is the hundreds digit of 349?
3
What is the hundreds digit of 1552?
5
What is the units digit of 1873?
3
What is the units digit of 88043?
3
What is the tens digit of 70?
7
What is the tens digit of 1864?
6
What is the hundreds digit of 294?
2
What is the hundreds digit of 20629?
6
What is the units digit of 196?
6
What is the tens digit of 82902?
0
What is the ten thousands digit of 15600?
1
What is the tens digit of 525?
2
What is the hundreds digit of 9815?
8
What is the tens digit of 5323?
2
What is the units digit of 315?
5
What is the thousands digit of 2785?
2
What is the thousands digit of 29430?
9
What is the units digit of 3668?
8
What is the hundreds digit of 4381?
3
What is the hundreds digit of 112161?
1
What is the tens digit of 1145?
4
What is the hundreds digit of 2434?
4
What is the hundreds digit of 892?
8
What is the hundreds digit of 4343?
3
What is the units digit of 576?
6
What is the hundreds digit of 69608?
6
What is the thousands digit of 39526?
9
What is the thousands digit of 2524?
2
What is the thousands digit of 4329?
4
What is the hundreds digit of 14301?
3
What is the tens digit of 62585?
8
What is the ten thousands digit of 85310?
8
What is the hundreds digit of 75936?
9
What is the units digit of 114708?
8
What is the hundreds digit of 25107?
1
What is the thousands digit of 1202?
1
What is the units digit of 5328?
8
What is the hundreds digit of 459?
4
What is the units digit of 4863?
3
What is the units digit of 6633?
3
What is the thousands digit of 2434?
2
What is the units digit of 6221?
1
What is the units digit of 63001?
1
What is the units digit of 663?
3
What is the tens digit of 3752?
5
What is the units digit of 141588?
8
What is the hundreds digit of 1046?
0
What is the units digit of 332?
2
What is the tens digit of 2503?
0
What is the hundreds digit of 1253?
2
What is the thousands digit of 4185?
4
What is the tens digit of 321?
2
What is the hundreds digit of 4588?
5
What is the hundreds digit of 1113?
1
What is the units digit of 45915?
5
What is the hundreds digit of 3118?
1
What is the thousands digit of 11012?
1
What is the units digit of 979?
9
What is the units digit of 14842?
2
What is the hundreds digit of 1593?
5
What is the thousands digit of 2735?
2
What is the ten thousands digit of 12678?
1
What is the units digit of 37109?
9
What is the tens digit of 11?
1
What is the hundreds digit of 2149?
1
What is the units digit of 134?
4
What is the tens digit of 9959?
5
What is the hundreds digit of 6983?
9
What is the hundreds digit of 1002?
0
What is the tens digit of 30536?
3
What is the tens digit of 1684?
8
What is the hundreds digit of 1483?
4
What is the tens digit of 5929?
2
What is the units digit of 1328?
8
What is the units digit of 256?
6
What is the ten thousands digit of 101671?
0
What is the units digit of 35257?
7
What is the units digit of 568?
8
What is the hundreds digit of 871?
8
What is the units digit of 2845?
5
What is the hundreds digit of 132806?
8
What is the tens digit of 723?
2
What is the tens digit of 3369?
6
What is the units digit of 13328?
8
What is the units digit of 5147?
7
What is the tens digit of 4337?
3
What is the units digit of 843?
3
What is the thousands digit of 19053?
9
What is the thousands digit of 1283?
1
What is the thousands digit of 3854?
3
What is the units digit of 106560?
0
What is the units digit of 19099?
9
What is the tens digit of 706?
0
What is the tens digit of 42594?
9
What is the tens digit of 9344?
4
What is the tens digit of 124?
2
What is the tens digit of 853?
5
What is the tens digit of 7496?
9
What is the units digit of 32147?
7
What is the units digit of 3917?
7
What is the thousands digit of 2507?
2
What is the hundreds digit of 4661?
6
What is the thousands digit of 6739?
6
What is the units digit of 292?
2
What is the hundreds digit of 1060?
0
What is the thousands digit of 71837?
1
What is the hundreds digit of 25112?
1
What is the hundreds digit of 7331?
3
What is the tens digit of 1027?
2
What is the units digit of 520?
0
What is the thousands digit of 4152?
4
What is the thousands digit of 3928?
3
What is the units digit of 21068?
8
What is the units digit of 95016?
6
What is the units digit of 1549?
9
What is the tens digit of 21030?
3
What is the hundreds digit of 407?
4
What is the tens digit of 2676?
7
What is the thousands digit of 5515?
5
What is the ten thousands digit of 34272?
3
What is the tens digit of 91121?
2
What is the tens digit of 7721?
2
What is the hundreds digit of 2527?
5
What is the ten thousands digit of 18920?
1
What is the units digit of 8150?
0
What is the hundreds digit of 11477?
4
What is the hundreds digit of 14141?
1
What is the hundreds digit of 1636?
6
What is the units digit of 36535?
5
What is the units digit of 47598?
8
What is the tens digit of 956?
5
What is the tens digit of 85486?
8
What is the ten thousands digit of 51633?
5
What is the units digit of 13049?
9
What is the ten thousands digit of 27146?
2
What is the tens digit of 75145?
4
What is the hundreds digit of 41635?
6
What is the units digit of 654?
4
What is the hundreds digit of 10383?
3
What is the hundred thousands digit of 178177?
1
What is the thousands digit of 11722?
1
What is the units digit of 1339?
9
What is the hundre